14, 2*r - 36 = -2*r + 3*p. Give c(r).
-10
Suppose 2*o - 12 = -2. Suppose 0 = 2*c - 7*c + o. Let z(w) be the second derivative of w**3/6 - w**2/2 - 3*w. Calculate z(c).
0
Let o(r) = -r**3 - 6*r**2 + 8*r + 6. Suppose 2*l - l = -7. Determine o(l).
-1
Let n be (-2)/(-4)*(2 - 0). Let x(h) = h - n + 3 - 1. Let p(v) = -5*v + 2. Let c be p(1). What is x(c)?
-2
Let j = -149 - -149. Let h(d) = -d**2 - d - 31. Give h(j).
-31
Suppose 2*m + 0*m + 3*h + 9 = 0, -2*h + 7 = -3*m. Let o be -2*m/3 + -4. Let y(f) = 4 + 2*f + 0 + 3*f**2 - 5. What is y(o)?
7
Let p be (10/(-8))/((-7)/28). Suppose -p = -2*k - 3. Let y(x) = -3*x**3 + 2*x**2 - 2*x + 1. Determine y(k).
-2
Let w = 6 + -3. Suppose -5*p = k - 3*k - 19, -p - w*k = 3. Let i(l) = -l**2 + 3*l + 1. Calculate i(p).
1
Let f(p) = -5*p**2 - 4*p + 1. Let m(n) = 6*n**2 + 3*n - 1. Let k = 5 - 9. Let i(t) = k*m(t) - 3*f(t). Suppose -5*q = 15, w = -0*w + 4*q + 13. Calculate i(w).
-8
Let s(i) = -i. Let r(j) = -10*j + 4. Let o(b) = r(b) - 5*s(b). Give o(3).
-11
Let x = 36 - 33. Let q(g) = g**2 + g - 3. What is q(x)?
9
Let x(t) be the first derivative of 0*t + 2 + 1/2*t**2. Suppose 4*k - 3*k + 3 = 0. Calculate x(k).
-3
Let i(m) = m**2 + 4*m. Suppose d + 23 = -4*n + 6, 5*n - 4*d = 5. Give i(n).
-3
Let s(z) be the second derivative of -5*z**4/12 - z**3/6 + z**2/2 - 22*z. Suppose 2*o - 3*y - 3 = 0, 4*y - 3 = 1. Let x = o + -2. What is s(x)?
-5
Let p(t) = t**3 - 4*t**2 + 3*t - 1. Let w(r) = 7*r - 5. Let o be w(1). Give p(o).
-3
Let k = -4 + -1. Let q(a) = 2*a**2 + 5*a - 13. Let h(r) = r**2 + 2*r - 7. Let c(f) = k*h(f) + 3*q(f). What is c(-5)?
-4
Let z(b) = -b + 8. Let h = 16 - 16. Calculate z(h).
8
Let y(q) = -q**2 + 4*q. Let g(a) = -a**3 + 4*a**2 + 5*a - 3. Let l be g(5). Let h be 0/(-1) - 1 - l. What is y(h)?
4
Let s(c) be the second derivative of c**4/6 + c**2/2 - 26*c. What is s(1)?
3
Let n(q) = -2*q + 5*q**2 + 3*q**3 - 8*q**2 - 1 + 2*q**3 + q**2. Determine n(-1).
-6
Let f be (4 - 0)*(-5 - -4). Let s(o) = 2*o + 3. Calculate s(f).
-5
Suppose 3*j + 3 = -0. Let m be (j/(-3))/(2/6). Let k be (-2 + m)*-2*2. Let x(v) = -v**3 + 5*v**2 - 5*v - 1. What is x(k)?
-5
Suppose 37 - 35 = 2*p. Let z(i) = -i. Give z(p).
-1
Let o(a) be the first derivative of -1/2*a**2 + 0*a - 3 + 0*a**3 - 1/4*a**4. What is o(-1)?
2
Let s(x) be the first derivative of -x**4/4 - x**3 + 2*x**2 + 3*x - 7. What is s(-4)?
3
Suppose -5*w - 38 + 8 = 0. Let l(i) = -i**2 - 5*i - 7. What is l(w)?
-13
Let p(m) = 28 + m - 3*m - 25. Determine p(5).
-7
Let w(s) be the first derivative of -s**3/3 + 7*s**2/2 + s + 19. What is w(7)?
1
Let m(k) = -4*k + 2. Let i be m(2). Let p(l) = -2*l - 3. What is p(i)?
9
Let p(z) = -z**2 - 4*z + 3. Suppose 0 = -2*o - o - 15. What is p(o)?
-2
Let w(c) = -c**3 + c**2 - 9*c + 5. Let s(k) = -k**3 - 10*k + 6. Let r(h) = h**3 - 11*h**2 - 4. Let u be r(11). Let a(x) = u*s(x) + 5*w(x). Give a(4).
-3
Let x = 0 - -2. Let a(t) = t + 0*t**2 - 3*t**x - 1 + 4*t**2 + 0*t**2. Calculate a(-3).
5
Let w(v) = -v**2 + 3. Suppose -z + 3*k = 2*z - 18, 3*z - k = 8. Let d be (z - 3)/2 - -4. Calculate w(d).
-6
Let b(c) be the second derivative of c**3/2 - 2*c**2 - 14*c. Calculate b(-4).
-16
Let q(j) = -2*j**2 - j + 7. Let i be q(0). Let o(r) = 2*r**3 - r**3 - 8*r + i*r - r**2. What is o(3)?
15
Let j(z) = -3 - 3*z + 2*z**2 - 3*z**2 + z. Let d(s) = -s**2 - 3*s - 3. Let l(q) = -4*d(q) + 5*j(q). Let h(v) = v**3 - 4*v + 3. Let u be h(2). Calculate l(u).
-6
Suppose -2*o = 4*a + 4, -3*a + 5 = -3*o - 8*a. Let g(n) = -2*n + 3*n**3 + n - 2*n**3 + 1. What is g(o)?
1
Let m(f) = -f**2 - 6*f + 3. Let t(z) = -3*z - 9. Let a be t(-5). Suppose a*o = o - 15. What is m(o)?
12
Let m(u) = u**2 + 11*u + 23. Let x be m(-8). Let g(a) be the third derivative of -2*a**5/15 - a**4/24 - a**3/6 + a**2. Determine g(x).
-8
Let q = -2 + 4. Let y(u) = -u + q*u + 3 - 3. Give y(-1).
-1
Let j = -2 - -5. Let f(n) = 5*n - 10. Let x(c) = -9*c + 18. Let y(t) = 11*f(t) + 6*x(t). Calculate y(j).
1
Let w = 0 - -1. Let f(b) be the third derivative of -1/24*b**4 + 1/24*b**6 + 0*b**3 + 1/30*b**5 + 0 + 0*b + b**2. What is f(w)?
6
Suppose i - 4*h = -i + 8, 5*i - 4 = 2*h. Suppose -f - 5 + 2 = i, 3*r + 4*f = 0. Let p(a) = -r*a - 2*a + 2*a**2 + 3*a. Calculate p(2).
2
Let g(o) = 2*o + 3. Let m be -1 + 2 - (-2 + 0). Let a(u) = -u**3 - 6*u**2 + 1. Let q be a(-6). Suppose m*t = 5*c + q, -4*t - 16 = -c + 3*c. What is g(c)?
-1
Suppose 3*a = -a - 16. Let o(l) = -l**3 - 5*l**2 - 7*l - 6. What is o(a)?
6
Let q(s) = s**2 + s - 1. Let h be ((2 + -3)*2)/2. Give q(h).
-1
Let j be (-138)/18 + 4/6. Let d(v) = v**3 + 7*v**2 + v + 6. Calculate d(j).
-1
Let j(b) = 7*b**3 + 25*b**2 + b - 23. Let s(k) = -10*k**3 - 37*k**2 - k + 35. Let v(i) = 7*j(i) + 5*s(i). Give v(-10).
-6
Let g(a) = -4*a - 2. Let k(i) = -2*i**2 + 8*i - 2. Let r be k(4). Determine g(r).
6
Let q(d) be the third derivative of 1/60*d**5 - d**2 + 0*d + 0 - 1/24*d**4 + 1/6*d**3 + 1/60*d**6. Let u be (60/(-45))/((-4)/(-6)). Give q(u).
-9
Let b(l) be the second derivative of -l**3/2 + l**2 - 4*l + 11. Give b(4).
-10
Suppose 4*x = -f - 13, x - 6*x - 17 = f. Let b = -1 - f. Let o(h) be the second derivative of -h**5/20 - h**4/3 + h**2 + 2*h. Give o(b).
2
Let k(f) = -5*f + 4 - f**2 + 0*f + 6*f + 0*f. Give k(4).
-8
Let v(l) be the second derivative of l**3/6 + 2*l. Suppose 0 = -3*q + 5*r + 4 + 7, -q - 5*r - 3 = 0. Determine v(q).
2
Let j(k) = 3 + 2 + 9*k - 8 - 3 - k**2. Calculate j(4).
14
Let i(u) = u**2 + u + 1. Let r(t) = -t**3 - 2*t**2 - 5*t - 4. Let y(h) = 5*i(h) + r(h). Give y(3).
1
Suppose -4*d + d = -6. Let b be (-4 - 0)*d/2. Let a(q) = q**2 + 5*q - 4. Calculate a(b).
-8
Let q be (-35)/(-3) - (-4)/12. Let v = q - 17. Let x(l) be the first derivative of -l**3/3 - l**2 + 7*l - 2. Give x(v).
-8
Let s = -5 - 13. Let c be 4/(-18) - 22/s. Suppose 0 = -0*x + x - c. Let r(h) = 6*h. Determine r(x).
6
Suppose -3*t = 13 - 4. Let p(k) = -4*k**2 + 5. Let f(l) = -l**2 + l + 1. Let j(b) = t*f(b) + p(b). What is j(-3)?
2
Let b(n) = 3*n**2 - 7*n - 5. Let x(o) = 2*o**2 - 7*o - 4. Let d(s) = -3*b(s) + 4*x(s). Calculate d(-5).
9
Let g(r) = -3*r + 15*r**2 - r + 2 - 12*r**2 + r**3. Calculate g(-4).
2
Let y(m) = 5*m**2 + 2*m + 1. Suppose 43*x + 8 = 39*x. What is y(x)?
17
Let l(g) be the second derivative of 5*g**3/6 - g**2 - 14*g - 2. Determine l(-3).
-17
Let o(v) = -v**2 - 7*v + 8. Let r be o(-8). Let c(k) be the second derivative of -k**3/6 + 7*k. Determine c(r).
0
Let l(r) = r. Let q(x) = -x**3 - x**2 - 3*x + 4. Let s be q(1). Calculate l(s).
-1
Let k(i) = 3*i - 2. Let o(q) = 5*q - 40. Let h be o(7). Determine k(h).
-17
Let o(p) = p**3 + 3 + 5*p**2 - 2*p**3 + 2*p**3. Suppose 6*b = 2*b + 8. Suppose 0*j + 14 = -2*c - 2*j, -29 = 5*c + b*j. What is o(c)?
3
Let o(m) = -m**2 + 8*m - 2. Let d(t) = -2*t + 37. Let b be d(15). Give o(b).
5
Let s = -4 - -6. Let g(b) = -2*b**2 - 2*b + 3*b**2 + 0*b**s. Let q be g(2). Let n(t) = -t**3 + t + 2. Give n(q).
2
Let d(v) be the third derivative of v**4/24 - 2*v**3/3 - 2*v**2. Suppose 19 = 2*l + 3*l - 3*a, 10 = 5*a. Calculate d(l).
1
Let s = 26 - 28. Let n(f) = 5*f + 3. Let c(l) = -5*l - 3. Let u(h) = -4*c(h) - 5*n(h). Determine u(s).
7
Let p(a) = -4*a + 16. Let l be p(4). Let x(r) be the second derivative of 1/6*r**3 + l + 0*r**2 + 1/20*r**5 + 2*r + 0*r**4. Determine x(-1).
-2
Let i(z) be the second derivative of -z**5/60 - z**4/12 + z**3/6 + z**2 + 2*z. Let r(h) be the first derivative of i(h). Give r(1).
-2
Let v(r) = 2*r - 13. Let d be v(7). Let f(p) = -p**2 - p + 1. Calculate f(d).
-1
Let y(o) = -7*o**3 + 2*o**2 - 5*o. Let g(u) = 15*u**3 - 5*u**2 + 11*u. Let a(d) = -6*g(d) - 13*y(d). What is a(-3)?
12
Let h(r) = r**3 - 10*r**2 - r - 10. Let m be h(10). Let a be 1/(-3 - m/6). Let i(n) = -2*n**2 + 3*n. Give i(a).
-9
Let w(n) = 0 + 1 + n + 1 - 4. Calculate w(-5).
-7
Let h(t) = t**2 - 4*t - 2. Let n be h(5). Let o(u) = 1 - n*u + u + u. What is o(-2)?
3
Let d(o) = -6*o**2 - 127*o**3 + 64*o**3 + 62*o**3 - 3. Determine d(-6).
-3
Let d be 99/108 - 6/8. Let t(h) be the third derivative of 1/4*h**4 - d*h**3 + 4*h**2 + 0 + 0*h. What is t(1)?
5
Let h(x) = -x**2 - 14. Let n(o) = o**2 - o + 13. Let d(j) = 5*h(j) + 6*n(j). Give d(6).
8
Let s(u) be the third derivative of -u**6/120 + 7*u**5/60 - u**4/8 - 2*u**3/3 + 3*u**2. Determine s(6).
14
Suppose n + 7 = -4*i - 